(v). Suppose 0 = -3*n + 6*n + i. Let a(l) = 14*l. Calculate a(n).
-14
Let w(z) be the second derivative of -1/12*z**4 + 1/6*z**3 + 0 + 25*z + 1/2*z**2. Suppose 4*b = 5*b. Give w(b).
1
Let u(k) = -k + 1. Let a(y) = 3*y - 13. Let i(d) = a(d) + 2*u(d). Let w = 3338 - 3333. Give i(w).
-6
Let h(c) = -c**2 - 4. Suppose -26*s + 152 = 48. Suppose 51 = -s*x + 39. What is h(x)?
-13
Suppose 7 = 5*l - 3. Let n(g) = -238 + 487 + 16*g**l - 248. Calculate n(-1).
17
Let y(u) = 91 - 180 + 5*u**2 + 88 - u**3. Determine y(3).
17
Let m(g) = g - 10. Suppose 4*o + 5*j + 42 = -29, 11*j - 11 = 0. Calculate m(o).
-29
Let y be 5/25*(4 - -1). Let s(t) = -y + 1400*t - 1402*t - 3*t**2 + 3. Calculate s(-3).
-19
Let f(n) be the second derivative of -n**4/12 - 2*n**3 - 29*n**2/2 - 9505*n. Calculate f(-5).
6
Let m(n) = -2*n**3 + 4*n**3 + n**2 + 13*n**2 - n**2 - n**3 - 13. What is m(-13)?
-13
Let t(v) be the third derivative of -v**6/120 + 3*v**5/10 - 2*v**4/3 - 10*v**3/3 - 116*v**2 - 3. Calculate t(17).
-3
Let s(x) = x**3 + 11*x**2 - 13*x - 11. Let m be s(-12). Let r(a) = 13*a + 234. Let g(p) = 10*p + 182. Let t(j) = -18*g(j) + 14*r(j). Determine t(m).
2
Let w(g) = 8*g - 91. Suppose 582*a = 660*a - 780. Calculate w(a).
-11
Let v(o) = -7*o**3 - 1. Let k(u) = u**3 - 12*u**2 - 11*u - 23. Let s be k(13). Suppose -11*i - s*c = -7*i - 11, -2*i - 4*c + 18 = 0. Determine v(i).
6
Suppose -1168 + 192 = 441*g + 347. Let i(x) = 5*x**3 + 4*x**2 + 4*x. Calculate i(g).
-111
Let j be (-3)/(36/(-80)) + (-30)/18. Let t(s) = -9*s + 8 - 1 + 5*s - j. Give t(2).
-6
Suppose -15021*f + 15018*f + 15 = 0. Let p = 1 + -5. Let a(r) = 6*r - 2. Let g(c) = 7*c - 2. Let h(n) = p*g(n) + 5*a(n). Determine h(f).
8
Let m(w) = 12 - 75*w**2 + 179*w - 181*w + 74*w**2. Calculate m(-8).
-36
Suppose -4*v + 63 = -5*j, -2*v - 4*j + 5 + 7 = 0. Let d(u) = v*u**3 + 2*u**3 - 15*u**3. Give d(0).
0
Let p(z) = -3 - 4*z + 2 - z - 1. Suppose 6*h - 262 + 172 = 0. Suppose 12*q - 22 = 5*w + h*q, 12 = -3*q. Determine p(w).
8
Let c be 2 - (3 - 3 - -2). Suppose 2*d + 3*f + 8 = 0, 10 = -4*d + d - 4*f. Let o(b) = -29 + b**d + 50 - 7. What is o(c)?
14
Suppose -r - 2 = 2*a, 3*r - 12 = -a + 4*a. Let b(h) = 0 + 4*h**2 - 1 - 2*h**r - 5*h**2. Let l = -486 - -487. Give b(l).
-4
Let d(q) = q + 6*q + 12*q - 53 - 34*q + 5*q. Calculate d(-5).
-3
Let c(n) = -n**2 + 78 + 75 - 239 + 2*n + 88. What is c(-4)?
-22
Let z(k) = 2*k**2 - 6*k - 4. Let h(o) = 2*o + 2. Let j(n) = -2*h(n) - z(n). Let g(l) = -4*l**2 + 7*l + 6. Let s(y) = -g(y) + j(y). Determine s(5).
19
Let m(l) = l**2 - 20*l + 1. Suppose -10*r - 2*b + 210 = 0, 0 = -r - 3*r + 2*b + 98. What is m(r)?
45
Let m(u) = -u**3 - u**2 + 3*u + 1. Let a be m(-2). Let w(v) = 4. Let h(p) = 11*p - 7. Let j(q) = h(q) + 2*w(q). Give j(a).
-10
Let j(c) = 17*c**2 + 22*c - 11. Let g(a) = -6*a**2 - 8*a + 4. Let m(u) = -11*g(u) - 4*j(u). Let t be 12/5*((-198)/27 - -9). Determine m(t).
-32
Let p(c) = 3*c**3 - 2*c**3 - 2*c**2 + 5 - 3*c**2 - 10*c - 3*c**2. Let v(d) = 11*d + 4. Let a be v(1). Let q = 24 - a. Determine p(q).
-4
Let f(d) = 15*d - 258. Let y be (-5 - 3) + -6 + 31. Let z be f(y). Let n(c) = -7*c - 1. What is n(z)?
20
Let x(f) = -4*f + 1. Suppose d - 2*c - 6 = 0, 2*d = -3*d - 4*c - 12. Suppose 5*s - 29 + 4 = d. Suppose 2*m + 14 = -4*o, 4*o + s*m + 8 + 15 = 0. Calculate x(o).
9
Let q(u) = -u**3 + 6*u**2 - 3*u + 5. Let b(t) = t**3 - t**2. Let g be b(0). Let l be 1 + g - 9/(-1). Suppose 15 = 5*v - l. What is q(v)?
15
Let g = -20 - 195. Let v = 211 + g. Let o(f) = -f + 1. Determine o(v).
5
Suppose -n + 3*n = -y + 6, 5*y = -4*n. Suppose -9 = -n*v + 1. Let u(w) = 4*w**2 + 2*w - 3. What is u(v)?
17
Let z(g) be the third derivative of 5*g**4/24 + 25*g**3/3 + 435*g**2. What is z(-10)?
0
Let t(p) = -43*p**2 + 23*p. Let c(w) = 27*w**2 - 15*w. Let d(i) = -8*c(i) - 5*t(i). Calculate d(3).
6
Let d = 29447 + -29437. Let c(i) = -i**3 + 11*i**2 - 5*i - 23. What is c(d)?
27
Let g(w) = -15*w**2 - 272*w + 123. Let n(h) = 7*h**2 + 126*h - 62. Let a(v) = -6*g(v) - 13*n(v). Give a(-12).
-4
Let f be (3447/766)/(-2*(-6)/16). Let w(g) = -2*g**2 + 32*g - 104. Determine w(f).
16
Let a(q) be the second derivative of -q**5/20 - 4*q**2 + 112*q + 5. Calculate a(0).
-8
Let f(r) = 3*r - 1. Suppose -a + 4*d + 0 + 2 = 0, -a - 5*d + 38 = 0. Suppose -42 = 10*g + a. Let c be (-6)/1*(-2)/g - 1. Give f(c).
-10
Suppose 4*g + 8745 - 8925 = 19*g. Let s(r) be the third derivative of -1/120*r**6 + 0*r + 0 + 1/24*r**4 - 1/5*r**5 + 5/6*r**3 + 6*r**2. What is s(g)?
-7
Let j be (4/(-2))/(286/(-2145)). Let h(m) = 4*m - 3*m + 6*m**2 - 21*m**2 + m**3 - 21. Give h(j).
-6
Let d(i) be the first derivative of i + 5/3*i**3 + 0*i**2 + 18. What is d(2)?
21
Let f(a) be the third derivative of a**5/30 - a**4/24 - a**3/6 + 4*a**2. Suppose 16*l - 1269 = 1179. Let g = l + -151. What is f(g)?
5
Let g be -3 + 9/(-1 + 4). Suppose g = 24*a - 29*a. Suppose 2*b = f + 5*b + 14, f - b + 2 = a. Let i(d) = d - 1. Calculate i(f).
-6
Let s(k) be the third derivative of -k**5/60 + 25*k**4/24 + 25*k**3/2 - 7*k**2 + 198. Give s(28).
-9
Let c be 1/(19 + (-3632)/192). Let i(y) = -2*y**2 + 26*y - 21. Determine i(c).
3
Suppose -64 = -4*q + 64. Suppose -35*i + q*i = -15. Let w(k) = 3 + 0 - 8*k - 2*k**2 + i*k**2 - 4*k**2. Determine w(-5).
18
Let x(a) = a**2 - 9*a + 3. Suppose -207 + 81 = -9*q. Determine x(q).
73
Let m(c) = -3*c**2 + 7*c - 10. Let v be ((-1)/(-3))/(-25 + (-3171)/(-126)). Determine m(v).
-8
Let w(g) = -22*g**3 + 43*g**2 + 17*g - 34. Let b(y) = -10*y**3 + 20*y**2 + 8*y - 16. Let r(a) = 13*b(a) - 6*w(a). Give r(0).
-4
Suppose 11 = 13*q + 24. Let s be 5 - (-7 - q - (-58 - -53)). Let v(l) = l**2 - 8*l + 15. Calculate v(s).
3
Let r(w) = w - 3. Let s be r(-3). Let l(a) = -2*a**3 + 50*a**2 + 52*a + 5. Let m be l(26). Let b(v) = -90*v**3 - m*v**2 - 16*v + 23*v + 89*v**3. Give b(s).
-6
Let f(d) = -66820*d + 33418*d + 33408*d. Let w(p) = -p**3 - 6*p**2 - 4*p + 3. Let h be w(-5). Let m = h + -1. Give f(m).
-18
Let o(k) = 5*k - 38. Let l(f) = f - 15. Let g(s) = 4*l(s) - o(s). Calculate g(-12).
-10
Let d(p) = 39*p + 586. Let g(i) = 14*i**2 - 111*i - 23. Let w be g(8). What is d(w)?
1
Let d(m) = -m**2 - 8*m - 27. Let k be 1/3*(-8)/((-88)/(-99)). What is d(k)?
-12
Let d(h) = -16*h - 19 - 35*h - 29 + 54. Calculate d(0).
6
Let c(i) be the third derivative of i**4/8 - i**3/6 - 15*i**2. Let t = 28 + -28. Let x be 6*((-3)/(-9) + t). Calculate c(x).
5
Let f = 13 - 22. Let v(g) be the third derivative of g**4/24 + 13*g**3/6 + 6*g**2 + 3*g + 18. What is v(f)?
4
Suppose 6 + 14 = -5*d - q, -2*d + 4*q = 8. Let o = -62 - -52. Let n be d*1/o + 204/(-60). Let s(l) = -l**3 - 3*l**2 - l. Give s(n).
3
Let a(b) = b. Let v(y) = 8*y + 62. Let o(i) = 26*a(i) - 2*v(i). Give o(13).
6
Let h(d) be the third derivative of -d**6/30 - d**4/6 - d**3/2 + 2647*d**2. Determine h(-1).
5
Let p(a) = -a**3 - 4*a**2 - 7*a - 30. Let n(w) = -3*w**3 - 6*w**2 - 22*w - 90. Let b(m) = 3*n(m) - 8*p(m). Give b(13).
9
Let l(g) = 283 + 7659*g - 3839*g - 3835*g. Calculate l(19).
-2
Let n(u) = -2*u**2 + 5*u + 6. Let f(i) = 135*i**2 + 0*i - 134*i**2 - 1 + i. Let a(w) = -3*f(w) - n(w). Give a(-8).
-3
Let h(t) = 2*t**3 - t**2 - 2*t - 1. Let c = -5 + -37. Let m be 4/c*3 - 32/(-14). Calculate h(m).
7
Let v(u) = -u**3 + 5*u**2 + 9*u + 7. Let r = 1479 + -1474. Calculate v(r).
52
Suppose -13*l - 77 + 142 = 0. Let m be 25/10*(-12)/(-10). Let d(i) = i - m*i + 1 + i + l. What is d(6)?
0
Let h(o) be the second derivative of -2*o**2 + 1/6*o**3 + 0 - 5*o. Let s be 4/((-5)/(0 - 5)). Give h(s).
0
Let j(z) = 5*z + 1 + 18*z**2 + 80 - 21*z**2 - 4*z - 29*z. Let u(d) = d**2 + 10*d - 27. Let m(t) = -4*j(t) - 11*u(t). Calculate m(5).
8
Let v(n) = n**2 - 13*n - 53. Let j be (-15 + 12)/((-189)/(-28) - 6). What is v(j)?
15
Let b(h) = -38*h + 6. Suppose -144*a + 141*a = 24. Let l(u) = -61*u + 9. Let k(j) = a*b(j) + 5*l(j). Calculate k(6).
-9
Let n(l) be the second derivative of -3*l**5/20 + l**4/6 + 5*l**3/6 - l**2 - 2089*l. Give n(3).
-50
Suppose 0 = 4*f + 8, 2*h - 9 = -h + 3*f. Let n(r) = -2 + 9 - h + 2*r. Suppose 104 + 67 + 189 = -72*q. What is n(q)?
-4
Let w(h) = h**3 + 4*h**2 - h + 3. Let s be (0 - -2)*(-2 - -21). Let r = -32 + s. Suppose -r*k = -4*k + 8. Determine w(k).
7
Let t(d) be the third derivative of 2*d**3 - 81*d + 7/30*d**5 - 1/120*d**6 - 2*d**2 